 32/10. Suppose -3 - 6 = -o*i. What are the prime factors of i?
3
Let x be 4/(-8) + (-33)/(-6). Suppose 0 = 5*v - v - x*u - 140, v - 3*u - 42 = 0. List the prime factors of v.
2, 3, 5
Let g(t) = t**2 + 6*t - 1. Let l be g(-5). Let y = 38 + -71. What are the prime factors of l/10 - y/5?
2, 3
Let v = -21 + 26. Let s(j) = 13*j - 3. Let x be s(4). Suppose 2*f + x = v*m + f, -3*m - 3*f + 33 = 0. List the prime factors of m.
2, 5
Let n be ((-26)/(-4))/(3/(-6)). Suppose 3*q - 2*s + 16 = -3*s, 4 = -4*q + 3*s. List the prime factors of (-7)/28 + n/q.
3
Suppose -2*o - 16 = -3*q, 5*q = 4*o + 4 + 26. Suppose -q = 5*b - 12. Suppose 2*w + 20 = b*m + 6*w, 0 = 5*m - w - 28. List the prime factors of m.
2, 3
Suppose -17 = -2*o + 69. List the prime factors of o.
43
Let h(d) = d**3 - 6*d**2 - 5*d - 4. Let g be h(6). Let a be 1/(-2)*(-4 + g). Suppose -5*w = -a - 41. What are the prime factors of w?
2, 3
Let a(b) = b**3 + 6*b**2 - 7. Let l be a(-6). Let k = l - -12. What are the prime factors of k?
5
Let f = 6 - -8. What are the prime factors of f?
2, 7
Suppose 59 + 130 = 3*b. List the prime factors of b.
3, 7
Let i(h) = 1. Let s(r) = -r**2 + 3*r + 3. Let m(y) = 4*i(y) - s(y). List the prime factors of m(6).
19
Let c(r) = 24*r**2 - 6*r + 10. List the prime factors of c(2).
2, 47
Let s be (7/(14/(-12)))/(-2). Suppose -4*u + s*u + 6 = 2*i, 2*i = 0. List the prime factors of u.
2, 3
Suppose 425 = 10*x - 245. List the prime factors of x.
67
Suppose 0 = -7*w - 463 + 2486. What are the prime factors of w?
17
Let o(n) = -5*n + 5. Let h(d) = -6*d + 5. Let p(r) = -6*h(r) + 7*o(r). What are the prime factors of p(12)?
17
Suppose -6*l - 35 = -293. List the prime factors of l.
43
Let y = -2 - -5. Suppose -5*v + 0*q + 2*q + 60 = 0, -y*q - 24 = -2*v. List the prime factors of (2 - 15/v)*12.
3
Suppose 3*f + 2*x = 40, -4*f + x - 15 = -5*f. Suppose -4*g + f = -2*g. Suppose -g + 1 = -2*a. What are the prime factors of a?
2
Suppose 5*a - 2*q - 8 = 0, a = -3*q - 6 - 6. Suppose a = 5*u - 2*u - 12. What are the prime factors of ((-1)/(-2))/(u/96)?
2, 3
Let x(m) = 18*m + 1. Let r be x(-1). Let q be r*1 - (6 - 8). Let v = 24 + q. List the prime factors of v.
3
Suppose 4*c + 6 = 22. Suppose 21 = 5*u - c*u. What are the prime factors of u?
3, 7
Let u(n) be the third derivative of n**5/60 - 7*n**4/24 + n**3 + n**2. What are the prime factors of u(7)?
2, 3
Let o be ((-2)/(-4))/((-2)/(-12)). Suppose -o*n = -5*n + 4. What are the prime factors of n?
2
Let s = 14 + -9. Suppose 3*d + 3*c + 15 = 102, 0 = -s*d - 2*c + 136. What are the prime factors of d?
2, 13
Let i = -36 - -234. List the prime factors of i.
2, 3, 11
Let j(r) = -r**2 - 16*r - 5. What are the prime factors of j(-15)?
2, 5
Suppose -139 = 3*j - 16. Let y = j + 97. Suppose 4*l + 5*b - 39 = 0, 5*l + b = 2*b + y. What are the prime factors of l?
11
Let x = -5 - -3. Let o = 1 - x. List the prime factors of o.
3
Suppose x + 4*x = -4*k - 7, 5*x = 3*k + 14. Let r = x + 2. List the prime factors of r.
3
Let q = -37 + 78. What are the prime factors of q?
41
Suppose -2*h + 76 = f, -h = -3*f - 6*h + 225. Let c be 4/22 + f/(-22). Let s = 2 - c. What are the prime factors of s?
5
Suppose 5*r + b - 7 = 65, 0 = -r - 5*b. Suppose -5*w = 58 - 18. Let n = r + w. List the prime factors of n.
7
Let p(k) = -k**2 - 18*k - 21. List the prime factors of p(-15).
2, 3
Let l = 5 + -1. Suppose 19 - 87 = -l*n. List the prime factors of n.
17
Let b(d) = 2 + 1 + d + 15*d. Let v be b(3). Suppose -3*h = 4*i - 48, -5*h - v = -2*i - 131. What are the prime factors of h?
2
Let j(g) = -g + 3*g + g**2 - 2*g**2 + 2. Let c be j(2). Let x = 5 - c. List the prime factors of x.
3
Let t = 17 - 15. Suppose -t*w = -8, 5*w - 30 = -k + 13. What are the prime factors of k?
23
What are the prime factors of (1 + (-2)/3)/((-12)/(-72))?
2
Let m(n) = 6*n + 31. List the prime factors of m(4).
5, 11
Let v = -6 + 45. What are the prime factors of v?
3, 13
Let t(v) = 6*v**3 + 3*v - 2. List the prime factors of t(2).
2, 13
Suppose 0 = -4*d - 8, -f + d = -2*d - 9. Suppose 0 = 2*p - 1 + f. List the prime factors of 4/6*(p - -4).
2
Let w(j) = -j**3 + 6*j**2 + j - 2. Let a(s) = -1 + 7 + 6*s - 5*s. Let b be a(0). List the prime factors of w(b).
2
Let t(l) = l**3 + 11*l**2 + 11*l + 15. Let c be t(-10). Let d(a) = -a**2 + 7*a + 7. What are the prime factors of d(c)?
17
Suppose 4*q - 210 = 2*s, -3*q - 5*s = q - 189. What are the prime factors of q?
3, 17
Let b(p) be the third derivative of p**5/60 + 2*p**3/3 + 3*p**2. List the prime factors of b(-6).
2, 5
Let t(g) be the second derivative of -g**3/3 + 2*g**2 - g. Let r be t(-5). Suppose -s + r = 3. List the prime factors of s.
11
Let g(y) be the first derivative of y**4/4 - y**2 - 2*y + 5. Let c be g(3). Suppose -h + 3*w = -0*h - 7, -c = -2*h + w. What are the prime factors of h?
2, 5
Let q(k) = k**2 + 3*k - 4. Let x be q(-3). Let l = x - -12. List the prime factors of l.
2
Suppose 2*h + 3*v + 11 = 0, 3*h + 2*v = -2 - 2. Suppose -m = i - 15, 3*i + m - 59 = -h*i. What are the prime factors of i?
11
Suppose 244 = 2*h - 6*h. Let b = 103 + h. What are the prime factors of b?
2, 3, 7
Suppose -h = -5*m - 44, 3*h - 148 = -0*h - m. Suppose h - 4 = 5*q. What are the prime factors of q?
3
Suppose -3*w + 6 = 0, 5*f - f - 26 = -5*w. Let p(z) = z**2 - 2*z + 3. List the prime factors of p(f).
11
Suppose q + 7*f - 3*f + 3 = 0, 3*f = -3. Let z be ((-6)/(-2) + -12)*q. List the prime factors of 10/(z/(-3) + -1).
5
Let r = 11 + -2. Suppose -3*o + r = -0*o. List the prime factors of o.
3
Let v(k) = -k**3 - k**2 - 1. Let d be v(-1). List the prime factors of d - -6 - (1 - 1).
5
Let w(l) = -34*l - 1. What are the prime factors of w(-1)?
3, 11
Suppose 0 = 3*q + 2*q - 10. Let v be 13 + -3*(-2)/(-2). Suppose 0 = -0*b + q*b - v. What are the prime factors of b?
5
Let o be 172/14 + (-4)/14. Let r = o - 8. Suppose -2*n + 13 = h - 7, -r*h = n - 24. What are the prime factors of n?
2
Let o(j) = -11*j**2 - 23*j + 7. Let g(d) = 7*d**2 + 15*d - 5. Let a(m) = 8*g(m) + 5*o(m). Let z be a(-7). What are the prime factors of (-3)/z - (-16)/3?
5
Let i = 11 - 5. Suppose i*x = 2*x + 40. What are the prime factors of x?
2, 5
Let m = 0 - -6. List the prime factors of m.
2, 3
Let z(r) = 5*r + 12*r**2 - 4*r - 3*r**2 - r**2. Suppose -2*g = -5*g + 5*l - 12, 0 = -3*g + l. List the prime factors of z(g).
3
Suppose -45 = -2*d + 3*u, -3*d + 0*u = -5*u - 65. List the prime factors of d.
2, 3, 5
Let d(c) = -9*c - 17. Let z(p) = 4*p + 8. Let l(w) = 6*d(w) + 13*z(w). Let v be l(-3). Let q = -6 + v. What are the prime factors of q?
2
Suppose 5*p - y + 2*y = 381, -3*y - 89 = -p. What are the prime factors of p?
7, 11
Let j(k) = k**2 - 2*k - 4. Let h be j(-2). Suppose -2*x - 2*x + 236 = 0. Suppose -h*g - 19 + x = 0. List the prime factors of g.
2, 5
Suppose 0*b = 2*c + 4*b + 12, -4*b - 20 = 0. What are the prime factors of 10 + 0*c/8?
2, 5
Suppose 0 = -3*q + 3, 5*f - f - 4*q = 848. List the prime factors of f.
3, 71
Let o(k) = -k. Let z be o(6). Let q be (-18)/z - 3/(-1). List the prime factors of (-38)/((-4)/q*3).
19
Suppose -695 = 91*k - 96*k. What are the prime factors of k?
139
Let f = 16 - 3. List the prime factors of f.
13
Suppose -74 = -5*l + 16. List the prime factors of l.
2, 3
Let h(z) = -2*z**2 - z**2 - 2*z**2 - z + 1 + 3 + z**3. Let d be h(5). List the prime factors of d*1 - 10/(-2).
2
Let s be -6*(-3 - (-14)/4). Let m(f) = -2*f**3 - 3*f**2 + 5*f + 2. List the prime factors of m(s).
2, 7
Let u be (-2)/(-3) - (-2)/6. Let d be (-4)/(-3)*u*3. Suppose -3*b + 11 + 28 = d*s, b = 5. List the prime factors of s.
2, 3
Suppose 2*b - 3 = -1. List the prime factors of -29*b*2/(-2).
29
Let h be -10*3/(-3*1). Let u = h - 1. Suppose -u + 37 = 4*k. What are the prime factors of k?
7
Let n = 5 + 63. Suppose -72 = -4*r + n. What are the prime factors of r?
5, 7
Let f = -18 - -11. Let y(n) = -n + 2. List the prime factors of y(f).
3
Suppose 0 = 2*x - x - 9. Let u = x + -4. List the prime factors of u.
5
Let n(x) = -x**3 - 3*x**2 - 3*x - 3. Let j be n(-2). Let u be (7 + j)/3 + -2. What are the prime factors of u/(-3) - -10 - -1?
11
Let q(u) = u**2 + 5*u. Let w be q(-4). Let b = w - -3. Let z = b + 11. What are the prime factors of z?
2, 5
Let k be 2/(-4) - 78/(-4). Let i = 3 + k. What are the prime factors o